25.
87
Calculate the remainder when 7219 is divided by 51.
28
What is the remainder when 34409 is divided by 4911?
32
What is the remainder when 12679 is divided by 43?
37
Calculate the remainder when 4189 is divided by 192.
157
Calculate the remainder when 3753 is divided by 1245.
18
Calculate the remainder when 76667 is divided by 1095.
17
What is the remainder when 41351 is divided by 27?
14
What is the remainder when 44779 is divided by 23?
21
What is the remainder when 144143 is divided by 72064?
15
Calculate the remainder when 14422 is divided by 756.
58
Calculate the remainder when 2388 is divided by 478.
476
Calculate the remainder when 11746 is divided by 47.
43
Calculate the remainder when 4393 is divided by 191.
0
What is the remainder when 20498 is divided by 10054?
390
What is the remainder when 118193 is divided by 13?
10
Calculate the remainder when 1904 is divided by 711.
482
What is the remainder when 6206 is divided by 45?
41
What is the remainder when 18572 is divided by 258?
254
What is the remainder when 5192 is divided by 186?
170
Calculate the remainder when 163994 is divided by 200.
194
What is the remainder when 883 is divided by 141?
37
Calculate the remainder when 348 is divided by 196.
152
Calculate the remainder when 277 is divided by 116.
45
What is the remainder when 3300 is divided by 3290?
10
What is the remainder when 130626 is divided by 49?
41
Calculate the remainder when 302284 is divided by 165.
4
What is the remainder when 51259 is divided by 7321?
12
Calculate the remainder when 77852 is divided by 15.
2
What is the remainder when 275901 is divided by 144?
141
Calculate the remainder when 1248 is divided by 181.
162
Calculate the remainder when 1054 is divided by 325.
79
What is the remainder when 5223 is divided by 96?
39
Calculate the remainder when 1086114 is divided by 140.
134
Calculate the remainder when 139153 is divided by 172.
5
What is the remainder when 37755 is divided by 1032?
603
What is the remainder when 2655235 is divided by 280?
275
What is the remainder when 1523 is divided by 749?
25
What is the remainder when 25493 is divided by 189?
167
What is the remainder when 2077 is divided by 784?
509
What is the remainder when 5857271 is divided by 23?
22
What is the remainder when 26434 is divided by 226?
218
Calculate the remainder when 53134 is divided by 364.
354
What is the remainder when 48579 is divided by 28?
27
What is the remainder when 11775 is divided by 76?
71
Calculate the remainder when 780021 is divided by 28.
25
What is the remainder when 268827 is divided by 309?
306
Calculate the remainder when 60099 is divided by 181.
7
What is the remainder when 551 is divided by 9?
2
What is the remainder when 749493 is divided by 102?
99
Calculate the remainder when 3596 is divided by 101.
61
What is the remainder when 6375 is divided by 16?
7
Calculate the remainder when 2059 is divided by 276.
127
What is the remainder when 414 is divided by 187?
40
Calculate the remainder when 749 is divided by 524.
225
What is the remainder when 28544 is divided by 519?
518
What is the remainder when 42279 is divided by 323?
289
What is the remainder when 7629 is divided by 854?
797
What is the remainder when 86943 is divided by 11?
10
What is the remainder when 18429 is divided by 3068?
21
Calculate the remainder when 22573 is divided by 11282.
9
What is the remainder when 6436 is divided by 2140?
16
Calculate the remainder when 3426 is divided by 29.
4
Calculate the remainder when 29234 is divided by 1391.
23
Calculate the remainder when 98925 is divided by 36.
33
Calculate the remainder when 107238 is divided by 17872.
6
What is the remainder when 49407 is divided by 30?
27
What is the remainder when 74241 is divided by 276?
273
What is the remainder when 5292 is divided by 592?
556
Calculate the remainder when 1004093 is divided by 13.
12
Calculate the remainder when 37439 is divided by 24.
23
What is the remainder when 10284 is divided by 5142?
0
Calculate the remainder when 49047 is divided by 141.
120
What is the remainder when 181151 is divided by 148?
147
Calculate the remainder when 29754 is divided by 29717.
37
Calculate the remainder when 156884 is divided by 144.
68
What is the remainder when 135089 is divided by 70?
59
What is the remainder when 68660 is divided by 9807?
11
What is the remainder when 9599 is divided by 886?
739
Calculate the remainder when 432 is divided by 104.
16
Calculate the remainder when 8591163 is divided by 113.
112
Calculate the remainder when 8824 is divided by 46.
38
What is the remainder when 30822 is divided by 45?
42
Calculate the remainder when 76686 is divided by 64.
14
Calculate the remainder when 518 is divided by 59.
46
Calculate the remainder when 40730 is divided by 815.
795
Calculate the remainder when 2093 is divided by 682.
47
Calculate the remainder when 342683 is divided by 26360.
3
What is the remainder when 1388 is divided by 418?
134
Calculate the remainder when 5969 is divided by 1052.
709
What is the remainder when 119724 is divided by 36?
24
What is the remainder when 1041 is divided by 549?
492
Calculate the remainder when 44581 is divided by 310.
251
Calculate the remainder when 427 is divided by 58.
21
What is the remainder when 43357 is divided by 333?
67
What is the remainder when 190420 is divided by 213?
211
Calculate the remainder when 40797 is divided by 10.
7
What is the remainder when 138 is divided by 22?
6
Calculate the remainder when 10861 is divided by 1551.
4
Calculate the remainder when 562749 is divided by 36.
33
What is the remainder when 245160 is divided by 145?
110
Calculate the remainder when 2582 is divided by 429.
8
Calculate the remainder when 80263 is divided by 80250.
13
Calculate the remainder when 241 is divided by 81.
79
Calculate the remainder when 59872 is divided by 637.
631
Calculate the remainder when 25803 is divided by 8599.
6
What is the remainder when 47954 is divided by 3425?
4
Calculate the remainder when 15498 is divided by 20.
18
Calculate the remainder when 2224 is divided by 444.
4
What is the remainder when 19825 is divided by 60?
25
Calculate the remainder when 55571 is divided by 15.
11
Calculate the remainder when 3583 is divided by 171.
163
Calculate the remainder when 83180 is divided by 1014.
32
What is the remainder when 162283 is divided by 54092?
7
Calculate the remainder when 46374 is divided by 459.
15
Calculate the remainder when 29959 is divided by 335.
144
Calculate the remainder when 6451 is divided by 773.
267
Calculate the remainder when 33497 is divided by 6.
5
Calculate the remainder when 8696 is divided by 78.
38
Calculate the remainder when 1437 is divided by 93.
42
Calculate the remainder when 2295 is divided by 725.
120
Calculate the remainder when 568095 is divided by 81155.
10
What is the remainder when 59448 is divided by 6601?
39
What is the remainder when 736 is divided by 147?
1
What is the remainder when 42266 is divided by 2348?
2
What is the remainder when 31704 is divided by 488?
472
What is the remainder when 352402 is divided by 117462?
16
What is the remainder when 3057 is divided by 60?
57
What is the remainder when 4385 is divided by 286?
95
Calculate the remainder when 44972 is divided by 10.
2
What is the remainder when 29307 is divided by 264?
3
Calculate the remainder when 901032 is divided by 664.
648
Calculate the remainder when 55987 is divided by 29.
17
Calculate the remainder when 392574 is divided by 152.
110
What is the remainder when 53790 is divided by 260?
230
Calculate the remainder when 9581 is divided by 9528.
53
What is the remainder when 1302 is divided by 237?
117
Calculate the remainder when 3534335 is divided by 24.
23
Calculate the remainder when 10090 is divided by 775.
15
What is the remainder when 8767 is divided by 553?
472
Calculate the remainder when 10480547 is divided by 263.
260
Calculate the remainder when 277747 is divided by 3156.
19
Calculate the remainder when 1213270 is divided by 93.
85
What is the remainder when 64224 is divided by 74?
66
What is the remainder when 30243 is divided by 15121?
1
Calculate the remainder when 27875 is divided by 1161.
11
Calculate the remainder when 16905 is divided by 86.
49
Calc